5 - 1075) + (-1 - (4 - 1)) + -59?
-43
Evaluate (2 + 1 - 1) + (35293 - 35350).
-55
Evaluate 2 + -42 + 2 + (-923 - -936 - (0 - -10)).
-35
What is 98 - 80 - -87 - 54?
51
What is (-1199 - -1158) + -1 + 60?
18
What is 12 - (-39 + 63 - (1 + (2 - 0)))?
-9
What is the value of -33 - 0 - ((-3 - -1) + (4 + -2 - -2))?
-35
What is (-104 - -25) + -8 + 74?
-13
(193 - -102) + -182 + (-18 - 0)
95
Calculate -34 - (43 - 0) - -133.
56
What is the value of 23 + (-18 - 15) + (46 - (5 + -2))?
33
3 + -12 + -54 + (-13 - -12) - -3
-61
2 - (-96 + (4 - 0) + (-5 - -3))
96
Evaluate 30 + ((2 - 29) + -13 - -59).
49
What is -35 - ((5 - (27 - -2)) + 1 + 10)?
-22
What is the value of -2 + -67 + (-5060 - -5049)?
-80
Calculate (-3 + 29 - (-71 + 57) - (1 + -11)) + 8.
58
What is the value of -50 - (-17 + (26 - 33)) - (2 + -13)?
-15
What is the value of (551 - 575) + (5 - -36 - 4)?
13
Evaluate -1 + (-4 - -22 - -50) + -20.
47
What is (-44 - (-41 + -17 + 35)) + 40?
19
Evaluate -76 + (59 - 36 - 63) + 31.
-85
Evaluate (41 - (-26 - -44)) + (-71 - 3).
-51
Evaluate 120 + (-35 + -7 - -32 - 26).
84
What is 59 + (-7 - 22) - 16?
14
Calculate 27 - (-34 + 10 + -6 + 7).
50
What is the value of -610 + 633 + (2 - 0) - 49?
-24
What is the value of -8 - (-100 + 96 - (1 - -3) - (10 + 1))?
11
What is the value of 50 - (219 - (24 + 39)) - (12 - 1)?
-117
7 - (6 + -10 - (2 + -12 + 54 + 9))
64
113 + -86 + 91 - 29
89
What is the value of -3 - 106 - (3416 - 3504)?
-21
Evaluate (-4 + 7 - 1) + (16 - (14 + 19) - -8).
-7
(61 - (15 + -4)) + 10 + -1 + (6 - 4)
61
26 + (41 - 72) + 32
27
-41 + 0 + 7887 + -7931
-85
What is (5 - 30) + (-17 - -11) + -26?
-57
What is -9 + 8 + -8 + 4 + (8 - (-6 - -5))?
4
4901 + -4856 + (1 - 1)
45
What is 1 - (2 + 8) - (-32 - (97 - 83))?
37
Evaluate -51 + 22 + 28 + 4.
3
Calculate 5 + (9 - (1 + -2 + 3 + (6 - -68))).
-62
What is the value of -36 + -20 + (-5 - -18) + 5?
-38
What is (9 - 7 - -6) + 1 + (52 - -18) - 9?
70
Calculate 7 - 10 - ((-3 - -1) + -4 - (4 - 39)).
-32
46 - (-23 - (-87 - -4))
-14
Evaluate 71 - (-43 - (-23 - (-45 + 37))).
99
Evaluate 20 - (14 - (-3 + 2) - -19).
-14
What is -28 - (-21 + (23 - -24) + -7)?
-47
566 + -554 + (2 - 7 - 2)
5
Calculate -68 + -4 + -95 + 190.
23
Evaluate (-11 + -1 - 19 - (0 - (-5 + -1))) + 9.
-28
What is -60 + 13 + 47 + -60?
-60
Evaluate -18 + (4 - 10 - (9 - (-22 + 28))).
-27
What is (28 - 0) + (-96 - -187) + -66?
53
Calculate -37 - (46 + -10) - (0 + -3 - (0 - -2)).
-68
What is 71 + -25 + 25 + 8 - -24?
103
Calculate -2 + (34 - -1) + (-16 - (11 - (29 + -10))).
25
What is the value of 4 - 100 - (-7 - (35 + -8))?
-62
Calculate -13 + (-30 + -7 + 8 - -19).
-23
Calculate -2 + 6 + (-50 - (-6 - -9)).
-49
Calculate (15 - 9) + (66 - 210) + (-5 - -4 - -11).
-128
What is (7 - (31 - 13)) + 6 - -38 - -7?
40
Calculate -26 + -21 + 50 - -18 - -48.
69
Calculate (8 - -2 - 14) + 31 - (-25 - -28).
24
What is -43 - (-45 + 16 + 1)?
-15
What is the value of 14 + (-2 - -3) - (1 + -5 + 40)?
-21
What is 5 - (11 + 15 + -21 + -7)?
7
What is 35 + -58 + (-9 - -12)?
-20
What is (19 + 0 + -2 - 0) + (-707 - -697) + 3?
10
Evaluate -20 + -25 + 19 - 5.
-31
Calculate (13 - 62) + 3 - 5.
-51
Calculate (-124 + 104 - (-2 - 13)) + -13.
-18
What is the value of (-9 - 28) + 20 + 15 + -22?
-24
Calculate (-64 - 79) + 109 + 10.
-24
328 - 309 - (18 - 1) - (7 + -10 - -61)
-56
What is the value of -226 - -106 - -129 - (4 + 98)?
-93
What is the value of 7 + (-72 - -112) - (22 + 4)?
21
Evaluate -38 - (-34 + (29 - 23) + 48).
-58
What is (-7 + -1 + -1 - (-2667 + 2664)) + 54?
48
Evaluate -98 - (-96 + 56) - -119.
61
What is the value of 422 + -174 - 323 - (-2 + (-21 - 0))?
-52
-28 + 27 - 5 - (-1 - -1) - -38
32
Evaluate -23 + (16 - (6 + 58)) + 28.
-43
What is 17 - (27 + (24 - -25) + -5) - (1 + 6)?
-61
Evaluate 23 + 13 + (-29 + 45 - 98).
-46
What is -2 + -19 + (2 + -41 - -76 - 10)?
6
Calculate -11 + (-15 + (11 - -8) - 16) + -28.
-51
What is the value of -1015 + 1083 + (75 - 7)?
136
What is -16 + 1 + (-122 - -89) + 80?
32
What is the value of -23 - -1 - ((12 - -29) + -64)?
1
What is (56 - (-63 - -54)) + -8?
57
Evaluate -22 - -24 - 18 - (-2 + -1 - -85).
-98
What is the value of (4 + 36 - 0) + (-5 - 2) + -9?
24
99 - (-10 - 119 - -248)
-20
What is (7 - (-14 + (-10 - -22)) - -28) + -10?
27
Calculate -1 + -28 + (-26 - -10) + 61.
16
Calculate (-7 - (36 + -114 - -52)) + -102 + 0.
-83
Evaluate -637 + 764 - (64 + -2).
65
What is -71 + (56 - 5) + -21?
-41
10 - 55 - (-111 - 3)
69
What is the value of 0 + 0 - 17 - (-1078 - -1013)?
48
What is (39 - ((-9 - -12) + -7 + -7)) + -11 + 11?
50
-52 - (-36 + 24 + -17 + 24)
-47
Calculate (-1 - 3) + (41 - (-27 - 4 - 8)).
76
What is 29 - 0 - ((8 - 0) + 3)?
18
Calculate -44 - -3 - ((4 - 16 - 3) + -9).
-17
35 - (232 - 211 - (16 - -2))
32
-754 + 746 - (-2 + 4 + 3 - 12)
-1
What is 0 + -12 - ((-18 + 0 - -35) + (11 - 14))?
-26
Evaluate -1808 + 1890 + (-13 - -1) - 38.
32
Evaluate 26 + 7 + (32 - 41).
24
What is the value of -1 + 1 - (-68 + 97 - 48)?
19
14 - (39 + -24 + -83 + 35)
47
Evaluate -73 - -70 - (-2 - -11) - (-18 - 62).
68
(-10 + -5 + -16 - -8) + (14 - -1)
-8
-55 - (0 - (31 + -8))
-32
What is the value of (8 - 22 - 1) + 12 + 32?
29
Evaluate -17 - (-5 + (-4 - (-7 + 16))).
1
Calculate -73 - (-54 + 81) - (1 + 14).
-115
44 - (-28 + (17 - -14))
41
What is -23 - (-2 + 6 + 0 + -17)?
-10
Evaluate 15 - (2 + -1) - (32 + 3 + 14).
-35
Evaluate -28 + (102 - (141 - 55)).
-12
What is 4 + (-7 - 99) + 19 - (17 + 0)?
-100
Calculate 14 - (2 + (11 - (-17 + 45)) + 7).
22
What is (1014 - 1028 - (-1 - 13)) + -106?
-106
What is the value of -5 + (-8 - -6 - (5 - 1) - (1 + -43))?
31
Evaluate (-2 - (5 - 10)) + 18 - (7 + -7 - 3).
24
What is -7 - (46 + (-127 - -56) + (-10 - 1)) - -6?
35
Evaluate 5 - (4 + -3 + -17 - 6).
27
What is the value of (1 - 2 - (-44 - (31 + -74))) + 19?
19
What is the value of (-18 + (-13 - -4 - -7) - 24) + 18?
-26
What is 87 + -166 - (-11 - 160)?
92
Evaluate (-59 - (-56 - -77)) + 123.
43
Evaluate (0 + -86 - (-47 + 71 + -34)) + 11.
-65
Calculate 52 - (16 - (-3 - (10 + 16 + -34))).
41
What is -49 - (-39 + 16 - 1)?
-25
What is the value of -29 - 46 - (-13 - (-40 + 19))?
-83
Calculate 91 + (-8 - (115 + -19)).
-13
What is (91 - 88) + 1 + -73 - -17 - (-2 - -7)?
-57
What is the value of (51 + 24 - (-2 - -40)) + 4 + 12?
53
Evaluate -15 + (-13 - (1 - 18)) + (-13 - -1).
-23
What is the value of 88 + -4 - (21 + -3)?
66
Evaluate 119 - -15 - 17 - 61.
56
What is the value of 4181 - 4261 - (-172 - 2)?
94
Evaluate 40 + (-157 - -56) + (3 - (-1 + 3 - 0)).
-60
What is the value of 10 - (-26 - 15) - 3 - (-15 + 28)?
35
32 - (-51 + (143 - 52))
-8
What is the value of -8873 + 8946 + (-1 - 42)?
30
-123 - (-12 - (9 - (-3 + 21) - (2 - 7)))
-115
What is the value of -47 + (-40 + 14 - (-11 - 0)) - 1?
-63
What is 26 + (30 - (-9 - -24)) - (3 - 16)?
54
What is the value of 70 - (-10 + (21 - 19) + 34)?
44
Calculate (-2 - ((1 - -10 - -6 - 10) + -4)) + 49.
44
13 + 33 + (-1 - ((-14 - -10) + -11))
60
7 + (-101 + 10 + -12 - (-17 + 10 - -3))
-92
-1 - (-8 - (-15 - -3) - 8)
3
What is (-23 - -13) + 3 + (-4 - -35)?
24
Calculate 36 + (1 - 8 - (750 + -722)).
1
What is (-109 - 111) + 209 + 0 + 0 + -7?
-18
What is the value of -3 + 9 + (-16 - -11) + -4 + -11 + -114?
-128
What is the value of (8 - (10 - (10 + -11 + 15))) + 49?
61
Evaluate (-25 + 101 - -9) + -135.
-50
Calculate -62 + 110 + 27 + -1 + -5.
69
Evaluate (4 - (-11 - -17)) + 1 + -14 + 7 + -8.
-16
28 - (-43 + 5 + -149 + 126)
89
What is 8 - (32 - (21 - 19) - 48)?
26
What is the value of 62 + -47 + -5 + 0 + -19 + 0 + 47?
38
What is the value of 146 + -139 + -57 + 13 + 0 + (0 - 3)?
-40
Evaluate (68 - -19) + -3 + -8 + 24 + -4.
96
What is -11 + 2 + -70 + (68 - 4)?
-15
Evaluate 38 + -20 + -5 - 8 - (-2 - (3 - 3)).
7
-71 + -73 + 166 - -51
73
-70 - (-9 - 4) - -58
1
8 + -6 + -56 + 47 + 1
-6
(2 - 12) + -142 + 170 - -29
47
What is -25 + 2 + (-1 - (12 - 15)) + -8?
-29
Evaluate -131 + (-66 - -149) + -14.
-62
What is 7 + -8 + (1 - -9) + -20 + (-22 - 4)?
-37
What is the value of ((-7 - -6) + 18 - (11 - 6)) + 53 + 41?
106
What is the value of 732 + -601 - (2 + 75)?
54
What is 6 - ((-9 - 0) + (42 - 22))?
-5
What is 0 + 14 - (34 + -14 + (1 - 3))?
-4
Evaluate (-8 - (5 - (17 + -6))) + 14 - 5.
7
-192 + -21 - (91 + -176)
-128
-24 - (-17 + -3 + -55 + 62)
-11
Calculate -68 + 78 + -5 + -7 + -40 - 21